r(-3). Calculate z(g).
9
Let c(j) = 2*j**2 + 2*j + 2. Let x = 183 - 185. Let z be c(x). Let v(w) = w**2 - 7*w + 3. What is v(z)?
-3
Suppose 4*w = 3*c + 3 - 31, 4*c = 2*w + 24. Let g be ((-2)/7)/((-1)/7). Let z(l) = 7*l - 5*l + 4*l**2 - 5 - 3*l**g. Calculate z(w).
3
Let h(o) = -9*o**2 + 5*o - 7. Let a(y) = -11*y**2 + 7*y - 8. Let j(p) = -5*a(p) + 6*h(p). Suppose -5*z + 9 = -6. Give j(z).
-8
Let b(q) = 7*q**3 - 2*q**2 + q. Suppose 4*f + 0 = 12. Let a be (-45)/(-10) - f/2. Let o be (-6)/(-8) - a/(-12). What is b(o)?
6
Let j(y) be the first derivative of 3*y**2 + 7*y - 1844. Give j(8).
55
Let f(z) = 8*z. Let n be f(0). Let k(b) = 11 - 367*b + 383*b + n*b**3 - 18*b**2 + b**3. What is k(17)?
-6
Let s(f) be the third derivative of f**5/60 + 5*f**4/6 + 85*f**3/6 + 36*f**2. Let y be s(-7). Let t(o) = -o**3 - 5*o**2 + 4*o + 2. Determine t(y).
14
Suppose 42*r + 60 = 75*r - 53*r. Let t(o) = 81*o + 230. Give t(r).
-13
Let o(i) be the second derivative of 1/2*i**3 - i**2 - 6*i - 1/3*i**4 + 1/20*i**5 + 1. Suppose 3*s - 7*s = -12. Determine o(s).
-2
Let x(n) = -n**3 + 2*n**2 - n + 7. Let t(l) = -13*l**3 + 41*l**2 + 7*l + 106. Let f(g) = -t(g) + 14*x(g). Calculate f(-9).
-143
Let c(y) = -y - 12. Let w = -488 - -490. Suppose -14*t = -13*t + w*j + 9, 0 = t - 4*j + 15. Determine c(t).
-1
Let u(b) = b**3 - 16*b**2 + 60*b + 6. Let z be u(10). Let h(c) = c**2 - 5*c + 3. Calculate h(z).
9
Let x(g) = 3*g + 6. Suppose 2*f = -4*s - 32, 3*f + f = -3*s - 89. Let w be (16/14)/(f/(-91)). Suppose -z + 3*n = 3*z + 29, -w = 4*n. Determine x(z).
-18
Let u(w) = -4*w**3 + 35*w**2 - 25*w + 8. Let b be u(8). Let f(k) = 2*k**2 + 2*k + 11. What is f(b)?
11
Let j(z) = 12*z - 287. Suppose 3*x - 92 = -4*w, -20 = -15*w + 11*w. What is j(x)?
1
Let p(z) = -9*z**3 + z**2 + z. Let h = -1271 - -1273. Let i = 12 + -5. Let o be ((-30)/(-42) - h) + 2/i. Calculate p(o).
9
Let c(m) = 5 + 13*m - 36*m + 27*m + 5*m. Calculate c(-5).
-40
Let v = -27 - -47. Let d(c) = 2*c**2 - 41*c + 34. Let j be d(v). Suppose 4*a - 54 = -j*a. Let o(f) = -f**2 + 2*f. What is o(a)?
-3
Let s(z) be the second derivative of z**4/6 + 8*z**3/3 - 73*z**2/2 + 5*z - 6. Let i(p) be the first derivative of s(p). Give i(-11).
-28
Let q be 12/10*(1540/8)/11. Let p(x) = 3*x + 32 + 0*x + q - 51. Calculate p(3).
11
Suppose -3*x - i + 21 = 0, -x + 43*i - 42*i - 1 = 0. Let g(q) = q**2 - 13*q + 38. Determine g(x).
-2
Let y(m) = -3*m + 1. Let s(g) = 1 + 4 - g - 5*g + 2 + g**2. Suppose 0 = -2*t + 3*t + 4, -4*d + 4 = 4*t. Let p be s(d). Determine y(p).
-5
Let f(r) = 16*r**3. Suppose 4*h + 3*c = 216 + 365, -c = -4*h + 601. Let y = 150 - h. What is f(y)?
16
Let b = -55 + 58. Suppose 5*p - 2 = b. Let v(o) = -20*o**2 + o - 1. Calculate v(p).
-20
Let y be 70/(-28)*24/(-20). Suppose y*i + 18 = 9. Let o(l) = 5*l - 2. Give o(i).
-17
Suppose -37 = -j - b, -4*b + 12 + 0 = 0. Let v = j + -34. Let k(y) = 497*y + 0*y**3 - y**3 - 495*y - 5 + v - 2*y**2. Determine k(-4).
19
Let f = 41 - 36. Suppose f*x = 2*r + 2*r + 86, 2*x - 35 = r. Let z(s) = s**2 + 2 + s + 12*s**3 - x*s**3 - 5 + 7*s**3. What is z(0)?
-3
Let g(u) be the first derivative of -3*u**2 + 2*u - 226. What is g(4)?
-22
Suppose -5*y = -4*a - 34, -122*a + 2 = -123*a - 2*y. Let h(p) = 2*p - 8. Calculate h(a).
-20
Let z(x) = 4*x - 112. Let f(o) = o - 32. Let n(c) = 7*f(c) - 2*z(c). Give n(11).
-11
Let i(n) = n**2 + 5*n + 4. Let c(q) = -29*q + 52*q - q**2 - 27*q - 5. Let h = 102 + -107. Let u(r) = h*i(r) - 4*c(r). Determine u(-8).
8
Suppose -2*c = 5*l - 0*c - 46, -38 = -4*l - 2*c. Suppose -4*m - 2 = -5*t, -5*t + 9 = 4*m - 9. Suppose m*u - u = l*u. Let n(h) = h**2 - h - 4. What is n(u)?
-4
Let c(m) = m**2 - 2*m - 3. Let u be c(-1). Let z(t) = -t**3 - 25*t**2 + 29*t**2 - 5 + u*t**3 + 0*t**3 + 3*t. Let p be (-25)/50 - (-9)/2. Determine z(p).
7
Let p = -11560 - -11563. Let n(q) = 4*q**2 - 4*q - 10. Calculate n(p).
14
Let n(r) = 16*r**3 + 2*r**2 - 2*r + 1. Suppose 0 = 19*h - 12*h - 112. Suppose 4*j = -4*a + 5*a, -h = -4*j - 3*a. Determine n(j).
17
Let u(v) = -81*v + 1618. Let g be u(20). Let r(q) = 32*q + 64. Determine r(g).
0
Let o(b) = -2*b - 51. Let a = 4344 - 4361. What is o(a)?
-17
Let w(v) = -2*v + 7. Let y be (11/(-22) + -2)/((-2)/4). Let g be w(y). Let d(i) = -2*i. Determine d(g).
6
Let k(c) = -104*c**3 + 4*c**2 + c - 103*c**3 + c + 419*c**3 - 108*c**3 - 105*c**3. Let j = 10 + -6. Give k(j).
8
Let s(a) = a**2 + 10*a - 3. Let g = 500 + -498. Calculate s(g).
21
Let b = 5 - 0. Let u(x) = 2 - b*x + 0*x**2 - x**2 - 9*x + 7*x. What is u(-4)?
14
Let u(w) = 35 + 12 - 6 + 11*w - 24*w + 44. Determine u(8).
-19
Let g be ((-10)/4)/(17/(6936/255)). Let f(b) be the second derivative of 5*b**3/6 + b**2 - b. Calculate f(g).
-18
Let u(c) = 60*c**2 + 84*c - 6. Let w(j) = 194*j**2 + 253*j - 18. Let t(p) = 13*u(p) - 4*w(p). Determine t(-20).
-6
Let o(i) be the third derivative of -49*i**4/24 + 199*i**3/3 + i**2 + i + 1423. What is o(8)?
6
Let i(m) = 11*m**3 + m**2 - 3*m - 4. Let h be i(3). Let t = h + -295. Let k(w) = -2*w + 5. Give k(t).
9
Let o(l) = -5*l - 3. Let m(d) = 42*d + 39. Let q(j) = -m(j) - 10*o(j). Determine q(5).
31
Let z = -2178 - -2177. Let j(p) = -p**3 + 2*p**2 + p. Give j(z).
2
Let z(m) = 5*m**2 - 3*m + 5. Let q(g) = -10*g**2 - 70*g + 82. Let c be q(-8). Give z(c).
19
Let p(w) = -w + 6. Suppose -71*v + 35 = -66*v. Suppose 0 = -11*q + v*q + 404. Suppose 98*k - q*k = 24. Determine p(k).
14
Let u = 4067 + -4069. Let w(q) = 4*q**2 + 2*q - 3. Calculate w(u).
9
Let w(t) = -9*t**3 - 2*t + 1. Let i be w(1). Let m(k) = -581*k**2 + 31*k - 35. Let f(j) = 317*j**2 - 16*j + 18. Let g(o) = -11*f(o) - 6*m(o). Give g(i).
12
Let x(r) be the first derivative of -r**3/3 - 3*r**2/2 - r - 15. Let j be x(0). Let s(t) = t + 1. Let o(q) = 4*q - 3. Let z(v) = j*o(v) + 3*s(v). What is z(6)?
0
Let c(i) = i - 6. Let d(l) = 5 - 58*l**2 + 2*l**3 + 3 - 66 - l + 3*l. Let v be d(29). What is c(v)?
-6
Let a(p) = 2*p**2 + 56*p - 46. Suppose 4*y = -4*i - 88, i - 77 - 46 = 4*y. What is a(y)?
12
Let l(i) = -i**2 - 2*i - 8. Let k = 24233 + -24236. Determine l(k).
-11
Let h(q) = 9 + 4*q**3 - 5*q**3 + 13*q - 4*q + 4 - 1 + 9*q**2. Calculate h(9).
93
Let z(q) be the second derivative of -4/3*q**3 + 0 + 7/2*q**2 - 1/12*q**4 - 39*q. Give z(-7).
14
Let n be ((-1)/21)/(516/(-10836)). Let w(a) = -9*a - 17. Let u(k) = -4*k - 8. Let g(s) = -7*u(s) + 3*w(s). Determine g(n).
6
Let o = -59 - -27. Let r = o + 34. Let z(y) = 0*y + r - y + 0*y. Calculate z(4).
-2
Let j(l) = l**2 + 140*l - 1188. Let v be j(8). Let k(m) = 2*m**2 - 2*m - 34. Give k(v).
6
Let t(j) = j**3 + 6*j**2 + 5*j + 1. Let h(g) = g**3 - 2*g**2 - 6*g + 3. Let a be h(3). Let r be 48/28*399/a. Let d = 109 + r. What is t(d)?
1
Let f(y) = y**2 + 7*y - 13. Let q(c) = 5*c**2 + 34*c + 2. Let p(s) = 2*s**2 + 17*s + 1. Let m(w) = -9*p(w) + 4*q(w). Let b be m(8). Determine f(b).
5
Suppose -14*j - 3*j + 282 - 248 = 0. Let g(n) be the first derivative of 2/3*n**3 - n**j + 0*n + 33. Calculate g(2).
4
Suppose -2925 + 2859 = 11*q. Let j(t) = -2 + 2 - t. Let b be j(q). Let f(c) = c**3 - 7*c**2 + 9*c - 9. Give f(b).
9
Let t(x) = 5*x**2 + 18*x - 5. Let q(p) = -4*p**2 - 17*p + 5. Let o(m) = 6*q(m) + 5*t(m). Let c be 21 + -14*(-156)/(-182). Calculate o(c).
-22
Let d(h) = h**3 + 17*h**2 + 70*h - 10. Let v be d(-10). Let f(y) = -2*y + 1. Calculate f(v).
21
Let u(o) = 13*o**3 - 56*o**2 - 12*o + 5. Let l(q) = -7*q**3 + 30*q**2 + 5*q - 3. Let h(k) = -11*l(k) - 6*u(k). Determine h(8).
11
Let j(q) = -71 - 9*q + 251 - 161 - 64 - 2*q. Calculate j(-4).
-1
Suppose -6*g + 12 = -36. Let y(d) = -d - 4. Let t(c) = c + 8. Let q(b) = -6*t(b) - 11*y(b). Let z(x) = -9*x + 7. Let i(j) = -7*q(j) - 4*z(j). Calculate i(g).
8
Let p be (2 + 0)/(4/(-6)). Let c = 166 + -162. Let i(t) = c*t + 14*t**3 + 2*t**2 - 5*t - 13*t**3. Calculate i(p).
-6
Let r(o) = -o**3 - o**2. Let g(l) be the third derivative of -3*l**2 - 1/20*l**5 - l**3 + 0*l + 0*l**4 + 0. Let c(y) = g(y) + r(y). Calculate c(-5).
19
Let u(m) = m + 3. Let p(v) = -10*v - 9. Let f(s) = p(s) + 11*u(s). What is f(-3)?
21
Let j(n) be the first derivative of 20*n**2 + 81*n - 9283. Determine j(-2).
1
Let v(m) = m**3 - 6*m**2 - 2*m + 14. Let o = -39719 - -39726. What is v(o)?
49
Let x(t) = t**2 - 9*t + 15. Suppose -v + 14 = -2*u, 0 = -4*v + 3*u + 27 + 9. Determine x(v).
-3
Let 